?
True
Suppose 0 = -3*q - 3, 3*j = -7*q + 2*q + 13. Suppose -3*o = 3*v + 2*o - 64, 0 = 5*v + 4*o - 85. Let y = v - j. Is y a prime number?
True
Let p = -51 + 97. Is p a prime number?
False
Is -7 - -10 - (-1 - 765) a prime number?
True
Let o be (-3 + 1 - 2) + 1. Is ((-470)/(-8))/(o/(-12)) prime?
False
Suppose 2*x - 4*x = 444. Is x/(-18)*1*3 a prime number?
True
Let c = -1766 + 3127. Is c composite?
False
Let h(j) = j**3 + 6*j**2 + 5*j + 2. Suppose 2 = -4*x - 18. Let m be h(x). Is (3 + 1)*5/m a prime number?
False
Suppose 4*c = -2*s, -3*c = -2*c + 1. Suppose s*g - 481 = -99. Is g a composite number?
False
Suppose -4*v + f + 15 = 0, 5*v + f = 6*f + 15. Suppose -v*o = -3*o - 89. Is o prime?
True
Let u = 288 - -51. Is u prime?
False
Suppose 0 = 4*b - 3*i - 1477, -4*i = -2*b + 877 - 151. Is b composite?
False
Is 2322/16 + (-2)/16 a composite number?
True
Let x = -19 + 9. Is (-9)/2*x/3 a composite number?
True
Let x = -20 + 11. Is (3771/(-2))/x*2 a prime number?
True
Suppose 0 = 4*c - 4*w - 16, 4*c - 2*w - 2 - 14 = 0. Let f be (-1301)/(-3) + c/(-6). Suppose -211 = -4*z + f. Is z composite?
True
Is -3 + 1/((-2)/(-24)) prime?
False
Suppose 0*t - 4*t = 780. Let s = 380 + t. Is s a composite number?
True
Let l(v) = v**2 + 3*v + 6. Let d be l(-8). Suppose -a + 5*a + 2*g - d = 0, 5*a - 4*g - 64 = 0. Is (-6)/(-2)*a - -1 prime?
True
Suppose -20 = -4*n + 4*t + 32, 95 = 5*n + t. Suppose n = u - 304. Suppose 2*z - 172 = -2*d, z + 138 = 5*d - u. Is d a composite number?
True
Let l be 2*(-2)/(2 - 4). Let h = l - -3. Suppose 447 = h*d - 2*d. Is d composite?
False
Suppose -3*c + 217 = -2*c. Is c composite?
True
Suppose -3*j - 2*j = -15. Suppose 0 = 4*a + 5*n - 66, j*n - 93 = -5*a + 2*n. Suppose 0 = -0*h + h - a. Is h prime?
True
Is 628/8*(1 - -1) a prime number?
True
Let u be -4*(2 + 1/2). Let c be (-2)/(-5)*-1*u. Let l = 7 - c. Is l composite?
False
Let b(x) be the first derivative of x**4/4 + 2*x**3 - 2*x**2 - 5*x - 1. Let d(r) = r + 10. Let l be d(-16). Is b(l) a composite number?
False
Let l be (28/16 + -3)*-4. Suppose -l*s - 697 + 3032 = 0. Is s composite?
False
Suppose 6*k + 25 = k, 5*k - 717 = -2*l. Suppose -4*i + 221 = 3*n, 0 = -4*n + 4*i + l - 39. Is n a prime number?
True
Let o(k) = k**2 + 6*k. Let h be o(-5). Let b(g) = -2*g + 1 - g + g**3 + 2 - 2*g + 4*g**2. Is b(h) composite?
False
Suppose 4*w - c = -4*c - 1, 4*w - 11 = c. Suppose w*m + 1814 = 4*m. Is m a prime number?
True
Suppose -129 = -4*r + 35. Let s = 5 + -15. Let m = r + s. Is m a prime number?
True
Suppose -2*c + 660 = 2*m, 4*c + 3*m + 764 = 2083. Suppose c = 4*s - 3*s. Is s a prime number?
False
Let p(t) = -t**2 + t + 5. Let d be p(0). Let w(y) = 13*y + 4. Is w(d) a composite number?
True
Let c(p) = -56*p - 33. Is c(-14) composite?
False
Let g(c) be the second derivative of -7*c**4/3 + c**3/6 - 2*c**2 - 2*c. Let h(p) be the first derivative of g(p). Is h(-2) a composite number?
False
Let z = 197 + 26. Is z a composite number?
False
Let d = -255 + 754. Is d prime?
True
Let j be 2 - (2 + 0 - -1). Let f be 73 + 0/(1 - j). Suppose 4*b - 197 = -f. Is b a prime number?
True
Let d(k) = -1027*k**2 - 1. Suppose -g - 3*g = -4. Let t be d(g). Is (-2)/(-7) - t/28 composite?
False
Let a(o) = -1539*o**3 + 2*o**2 + 3*o + 3. Is a(-1) prime?
False
Suppose -s - 2*s + 12 = 0. Suppose 5*n + 6 = -s. Is 19/(-2)*n*1 composite?
False
Let i(n) = -n**3 - 6*n**2 - n + 3. Let j be i(-4). Is (-185)/j - (-4)/(-10) prime?
True
Suppose -2*o + 10 = 3*x - 4*x, -2*o - 5*x + 10 = 0. Let d = -1 + o. Suppose d*z - 267 = -p, 0 = 2*z + 4*p - 32 - 98. Is z a composite number?
False
Let z be (-5)/5 + 3 + -1. Let r = 1 - z. Suppose -3*j - c - 3*c + 38 = r, 2*c = -4*j + 54. Is j prime?
False
Let f = 72 - -314. Is f a composite number?
True
Let h(f) = -2*f**3 - 10*f**2 - f + 2. Let c(o) = -o**2 + o. Let j(i) = -2*c(i) + h(i). Is j(-5) composite?
False
Let v = -1274 + 2879. Suppose 3*m - 8*m + v = 0. Is m composite?
True
Let b be (868/3)/(10/(-30)). Let o = 249 - b. Is o composite?
False
Suppose 0 = -4*q + 2*h + 9 + 19, -43 = -3*q - 4*h. Let a(t) = 2 - t + q*t - t. Is a(5) a composite number?
False
Suppose -2*t + 4*m + 4 = 2*m, 5*t + 26 = -4*m. Let q(i) = i**2 + i. Let z be q(t). Suppose -2*p + 3*l + 28 = -36, 0 = 4*p + z*l - 144. Is p prime?
False
Suppose 2*z = -9 - 17. Is z/((-21)/6 - -3) a prime number?
False
Suppose n - 982 = 3*s, 5*n = -s + 2*s + 4896. Is n composite?
True
Let p = -28 - -95. Let z = 20 + p. Is z a composite number?
True
Let i(u) = 1098*u + 11. Is i(6) a prime number?
True
Let k(w) be the second derivative of 63*w**5/10 + w**3/3 - w**2/2 - w. Suppose -8 = 2*s, -5*l + 2*s = -0 - 13. Is k(l) prime?
True
Let n = -2817 + 6638. Is n composite?
False
Let i = 350 - 208. Let v = i + -73. Is v composite?
True
Let y = 6 + -6. Is 12*(y + 69/12) a composite number?
True
Is (-30215)/(-30) - (-2)/(-12) a composite number?
True
Let z = -1375 + 2228. Is z composite?
False
Let s(n) = -n**3 + 3*n**2 + 4*n + 5. Let y be s(4). Suppose -y*r = 3*m - 158, 2*r - 12 - 55 = -5*m. Is r prime?
True
Let g be -3*-1*1/3. Is ((-20)/4)/(g/(-2)) composite?
True
Suppose -k - 11 = p - 4*k, 5 = -5*p + 5*k. Suppose -2 = -j - b, -j - p*j - b = -14. Suppose -s = -j*s - g + 123, 3*s - 5*g = 152. Is s composite?
False
Let q = -532 - -1119. Is q composite?
False
Suppose -4*q - 1 = -3*q. Is (97*(1 + -2))/q a composite number?
False
Suppose -5*j - 289 = -819. Suppose 4*u - 4*o = 122 + j, 5*u + 3*o - 301 = 0. Is u a prime number?
True
Let z(u) = -36*u + 21. Let f(o) = 24*o - 14. Let k(a) = 8*f(a) + 5*z(a). Let s(y) = y**2 + 2*y - 2. Let h be s(2). Is k(h) a composite number?
True
Let d be 3/(-9) + (-370)/6. Let t be (-6)/(2*2/d). Suppose -k + t = 2*k. Is k prime?
True
Is 6/(-8) + (-169613)/(-76) prime?
False
Let x = 535 + -302. Is x a prime number?
True
Let a be ((-2)/4)/((-9)/4086). Suppose -4*o - 71 = -a. Is o composite?
True
Suppose -623 = x - 2094. Is x a prime number?
True
Suppose 4*v - 240 = 436. Let m = v - -21. Suppose 5*j - 113 = -3*k, -5*k - 75 + m = 5*j. Is j prime?
False
Let l be ((-9)/3)/((-1)/(-1)). Let b(g) = -3*g**3 - 2*g**2 - 3*g - 3. Is b(l) composite?
True
Suppose -4*o + 36 = -68. Suppose 0 = -p + 2*p + o. Let c = -16 - p. Is c prime?
False
Let j(w) be the first derivative of w**2 + 3*w - 2. Is j(3) prime?
False
Let h = -134 - -1243. Is h a composite number?
False
Let s(x) = 136*x - 1. Let d be s(3). Let k = d + -258. Is k prime?
True
Let v = -36 + 124. Let i = v - -29. Suppose -3*d + i = -0*h - 3*h, -2*d + 66 = 4*h. Is d prime?
True
Suppose 0*x - 215 = 2*b + x, 3*b + 322 = -2*x. Let w = b - -197. Is w composite?
False
Suppose -2*r + 4*o = 2*r - 60, o = 2*r - 26. Let v = r + -3. Is 4*7/v*10 a composite number?
True
Let a be (-2)/(-7) + 1392/(-21). Let u = a - -101. Is u a prime number?
False
Let y(m) = 3*m**2 - 1. Let s(f) be the first derivative of 5*f**2/2 + f + 1. Let v be s(-1). Is y(v) a composite number?
False
Let o(h) = h**3 + 3*h**2 + 2*h. Let a be o(-2). Suppose z - 5*k + 12 = -a*k, -16 = -4*k. Suppose 0 = x + 1 - z. Is x a prime number?
True
Suppose -3*q - 1 + 7 = 0. Suppose 2*g - 283 = -g - 2*r, g - 89 = -q*r. Is g a composite number?
False
Is 2/2*-2*(-382)/4 prime?
True
Let b = -1305 - -1934. Is b a prime number?
False
Is (-1032 - (2 - 1))/((-7)/14) a prime number?
False
Suppose -4*c + 4 = 0, -v - 2*v - c = -94. Let p = 194 - v. Is p a composite number?
False
Let m be (-3 + (5 - 3))*-4. Suppose -4*i + 1639 = 4*j - j, 0 = 2*j - m*i - 1066. Is j a prime number?
True
Let a(t) = -3*t**3 - 6*t**2 - 5*t - 1. Is a(-4) prime?
False
Let l be (-1)/(-4) - 93/(-12). Let n(i) = 11*i - 9. Let c be n(l). Suppose c - 17 = 2*q. Is q a composite number?
False
Let d(q) = -201*q - 14. Let b(z) = -67*z - 5. Let v(j) = -11*b(j) + 4*d(j). Let t = 7 + -9. Is v(t) a prime number?
False
Let g(x) = -x**3 + 44*x**2 + x + 17. Is g(22) a prime number?
True
Let n = 1387 - 842. Is n composite?
True
Let r(s) = -78*s - 1. Let b = -6 + 5. Is r(b) composite?
True
Let r(b) = 2*b**2 + 8*b + 5. Let x be r(-5). Suppose n - 4*n + x = 0. Suppose n*w + 2 = 327. Is w prime?
False
Suppose -4*r = -95 - 101. Let c = r + -27. Is c composite?
True
Suppose 0 = w + 2*w - 2*g - 919, -2*g + 899 = 3*w. Is w prime?
False
Let q = 4 + -7. Let c = q - -7. Is (-2)/c - 616/(-16) a compo